. Suppose -b = -4*s + 393, p*s - 490 = 4*s + b. List the prime factors of s.
97
Suppose -15*c + 14*c + 3*b = -13872, -430620 = -31*c - 5*b. List the prime factors of c.
2, 3, 5, 463
Suppose 0 = 43*q - 40*q, -q + 15 = -5*c. Let b(r) = -37*r - 31. What are the prime factors of b(c)?
2, 5
Let o = 1076 + -515. Let y = o + -330. List the prime factors of y.
3, 7, 11
Suppose f - 4255 = 19158 + 4170. List the prime factors of f.
27583
Suppose -6328*c - 705213 = -6337*c. List the prime factors of c.
3, 26119
Suppose q + 2*t - 20 - 230 = 0, -3*q - t = -725. Suppose -19 + 61 = v + 5*o, 4*o + q = 4*v. List the prime factors of v.
3, 19
Suppose -224*s - 226187 = -237*s. List the prime factors of s.
127, 137
Let l(n) = -48*n**3 + 15*n**2 - 39*n - 49. List the prime factors of l(-9).
11, 3319
Suppose 0 = -22*q - 27*q + 43812 + 110146. What are the prime factors of q?
2, 1571
Suppose -4*k + i = -5956, -k + 640 + 832 = 4*i. Suppose 7*c = 15*c - k. What are the prime factors of c?
2, 3, 31
Suppose 2*v - 8*p + 5*p = 21, -40 = -4*v + 4*p. Suppose 12*m = v*m + 330. List the prime factors of m.
2, 5, 11
Let b be 5/(-10) + (-4905)/(-6). What are the prime factors of (-128)/16 + (b - -1)?
2, 3, 5
List the prime factors of 1/((-6)/1755)*((-600)/18)/5.
2, 3, 5, 13
Suppose -84 = -2*v + 3*u - 7*u, 5*u - 80 = -2*v. Let m be (3/9)/(2/42). Suppose -m*y = v - 162. What are the prime factors of y?
2
Let b be 5*(8/(-5) + 2). Suppose 5 = 5*j + 25, b*j - 716 = -2*r. What are the prime factors of r?
2, 181
Suppose 2*o - b = 5358, -6*b + 2661 = o - 2*b. What are the prime factors of o?
2677
Let r = -15 - -61. What are the prime factors of (r/(-23))/((-4)/82)?
41
Let v(c) = -c**3 - 59*c**2 - 19*c - 37. List the prime factors of v(-62).
19, 23, 29
Suppose d - 4*d - 103231 = -4*j, 5*d = -5*j + 129100. List the prime factors of j.
83, 311
Let c = -26372 - -50304. What are the prime factors of c?
2, 31, 193
Suppose -5*d + 379 - 49 = 0. Suppose -3*b + d = 3*b. Suppose b*p = 6*p + 565. List the prime factors of p.
113
Let g be 1/(-3) - ((-34)/(-6) - 3). Suppose 5*p = -4*u - 79, -5 = 2*u - 3. What are the prime factors of g/((-10)/p*(-9)/98)?
7
Suppose -70*g = -28*g - 2898. Suppose g*o = 53*o + 8160. List the prime factors of o.
2, 3, 5, 17
Let d = 631 - 628. Suppose -c - 242 = -d*o - 1488, 3*o + 9 = 0. What are the prime factors of c?
1237
Let t be (-1036)/(-308) - 8/22. Let q(k) = 44*k - 3. What are the prime factors of q(t)?
3, 43
Let y = -21 - -24. Suppose -140 = y*s - 5*s. Let m = s + -49. What are the prime factors of m?
3, 7
Let o be 255/21 + -1*5/35. Let g(a) = 2*a - 1. Let i be g(-1). List the prime factors of (-2)/8 - (3897/o)/i.
2, 3
Let l(f) = 2*f**3 + 2*f**2 - 3*f - 2. Let i be l(2). Let a = i - 13. List the prime factors of 55*(36/15)/a.
2, 11
Suppose -13*c + 266 = 71. Suppose -c*r = -13*r - 2196. List the prime factors of r.
2, 3, 61
Let r(o) = o**3 - 3*o**2 + 2*o - 3. Let s be r(3). Suppose 0*f + f + s*v = 22, 24 = f + v. List the prime factors of f.
5
Suppose 3*d = -5*g + 38, -14 = -3*g - 2*d + 9. Suppose -3931 + 242 = -g*w. What are the prime factors of w?
17, 31
Let h(n) = n**3 - 13*n**2 + 24*n + 23. Let c be h(11). Let m = c + 12. What are the prime factors of 22/(-2 - (-120)/m)?
11, 19
Suppose 27380 - 43685 - 43431 = -12*u. What are the prime factors of u?
2, 19, 131
Let s = 1 + 83. Suppose -4*z = 3*w - s, -4*z + w = z - 105. What are the prime factors of z?
3, 7
Let c = -4599 - -6638. What are the prime factors of c?
2039
Suppose 6 = 3*s + 3. Let j be (-1)/s*(-6)/(-3)*-19. Let n = -5 + j. List the prime factors of n.
3, 11
Let o = 89983 + -38600. What are the prime factors of o?
51383
Suppose -2*a - 102 = -3*z, 4*z - 85 = -3*a + 34. Let l be (0/(5 - 7/1))/3. Suppose -f + 5*b + z = 0, l = 2*b + 3*b + 15. List the prime factors of f.
17
Suppose 38 = f + 28. List the prime factors of 6819/9 - f/15.
757
Suppose 0 = -25*n + 26*n. Suppose 10*b + 154 = 504. Let z = b - n. What are the prime factors of z?
5, 7
Let c(o) = o**2 - o - 10. Let z be c(0). Let a be ((-8)/12)/(z/(-45)). List the prime factors of a/(15/20) - -66.
2, 31
List the prime factors of 4 + 5743 + 1/(-2)*20.
5737
Suppose 24 = 4*c - 152. Let j = c + -42. Suppose 0 = -z + k + 34, 3*z + 0 = j*k + 107. List the prime factors of z.
3, 13
Suppose 0 = -5*o + 1007 - 37. Let f be (9/(-12))/(-2*(-1)/(4 + -12)). Suppose a - 46 = -4*k, -3*k - o = -f*a - k. What are the prime factors of a?
2, 31
Let p be (-1)/1*-6*-1. Let c(m) be the third derivative of -11*m**4/8 - 17*m**3/3 + 9*m**2. What are the prime factors of c(p)?
2, 41
Let j = -12810 + 73951. List the prime factors of j.
61141
Let d(g) = -3*g**2 - 20*g - 48. Let w be d(-3). Let x(s) = -11*s - 77. List the prime factors of x(w).
2, 11
Let l = -108 - -113. Suppose -5*j - l = 0, -m + 555 = j + 4*j. What are the prime factors of m?
2, 5, 7
Suppose 4*d + 4*g + 412 = 0, 3*d + 6*g = g - 315. Let f = d + 112. What are the prime factors of ((-532)/f - -1)*-3?
2, 5, 13
Let t be (21196/(-42))/((4/9)/(-2)). What are the prime factors of (-2)/6*t*(5 + -6)?
757
Let g(r) = 21*r + 29. Let z be g(8). Let p = z + -33. List the prime factors of p.
2, 41
Suppose 3*t + 5*x + 3010 = 0, -3*t - 1067 = x + 1947. List the prime factors of -7*14/(-245)*t/(-6).
67
Suppose 2*z + 2*d = 1868, 2*d - 1570 = 3*z - 4357. What are the prime factors of 13/(6/(-57) + 117/z)?
7, 13
Let f = -963 + 1717. Let a = 1115 - f. List the prime factors of a.
19
What are the prime factors of (-23946)/4*((-34)/21 + 8/28)?
2, 13, 307
Let r(j) = -j**3 - 29*j**2 + 187*j - 437. What are the prime factors of r(-42)?
11
Let r be 1 + 60 - 4/4*-4. Let p = r + -61. Suppose p*g = -f + 66 + 205, -3 = -f. List the prime factors of g.
67
Let p(g) be the first derivative of g**4/4 + 8*g**3/3 + 6. Let s be p(-8). What are the prime factors of 0 + -1 + s - -67?
2, 3, 11
Let a(f) = 58*f + 190. Let n(j) = 61*j + 192. Let l(s) = -5*a(s) + 4*n(s). List the prime factors of l(-21).
2, 7
Let p(m) = -74*m - 4. Let k be p(-2). Suppose -5*c + 655 = -4*o - 575, 3*o - 953 = -4*c. Let q = c - k. List the prime factors of q.
2, 7
Suppose -9*f - 7*f - 516 = 476. Let y(u) = -31*u - 4. Let t be y(-3). Let c = t + f. What are the prime factors of c?
3
Suppose -45330 = 24*m - 29*m - z, -3*m + 27181 = 4*z. What are the prime factors of m?
9067
Let r be (-6)/9 - 2*18995/(-15). Let h = r + -1376. What are the prime factors of h?
2, 17
Let a(h) be the second derivative of 9*h**3/2 + 15*h**2 - 34*h. Let d be a(8). Suppose 7*z - 1534 = -d. What are the prime factors of z?
2, 23
Let c(i) = 1095*i + 69. Let w be c(-11). List the prime factors of w/(-32) + (-2)/8.
2, 11, 17
Let g = -4946 - -6667. What are the prime factors of g?
1721
Suppose 5*d + 20*d = 125. Suppose 2*z = 0, -d*z - 100 = -u + 1185. List the prime factors of u.
5, 257
Suppose -k = 5*o - 36, -k - 2*o + 162 = 3*k. Let m(g) = g**3 + g**2 - 7*g - 3. Let x be m(-3). Suppose -k = -h - x. List the prime factors of h.
41
Suppose -32092 = -3*m + z, z = 5*m + 4*z - 53510. What are the prime factors of m?
13, 823
Let c be 3 + 407 + 8 + -8. Suppose -397*j - 13689 = -c*j. List the prime factors of j.
3, 13
Suppose 4*v + 4 = 3*x - 19, -5*x + 20 = -3*v. Let h be ((-213 - (-7 + 3)) + x)*-1. Let b = 424 - h. What are the prime factors of b?
2, 3
Suppose 0 = 45*w - 53*w - 5200. Let v = 843 + w. List the prime factors of v.
193
Let n = -456 - -719. Suppose -z - 3*q = -96, 4*z + 3*q - n = 94. Suppose -2*c + z = c. List the prime factors of c.
29
Suppose -203*c = -1413563 - 4236942. List the prime factors of c.
5, 19, 293
Suppose 5*p = 3*i + 2*i - 10, i - 2*p - 1 = 0. Let o be (0/i - -3) + 3 + -3. Suppose 1 = 4*g - 15, 4*n - 624 = -o*g. List the prime factors of n.
3, 17
Suppose 48*w = 61*w - 6786. Suppose -4*z + 778 = 2*m, 2*z - w - 262 = -2*m. What are the prime factors of m?
5, 79
Let b(n) = 810*n**2 + n + 1. Let t be (-6)/14 + 12/(-21)*1. List the prime factors of b(t).
2, 3, 5
Let c = -42308 - -89830. What are the prime factors of c?
2, 23761
Let m = 1022 + 4136. List the prime factors of m.
2, 2579
Suppose 16 = 4*a + 2*x, -5*a = 2*x - 34 + 14. Suppose 1047 = a*s - g, -529 = -3*s + s - 5*g. List the prime factors of s.
2, 131
Let l(r) = 24*r**2 - 7*r + 4. Let g be l(4). Let p = g - 126. What are th